33. Let j(o) = o + 17. Let l(v) = 6*d(v) - 11*j(v). Let g be (40/16)/(1/(-2)). Is l(g) a multiple of 6?
True
Let o = 53 - 16. Let p = o - 23. Does 12 divide p?
False
Let r(z) = -43*z - 71. Does 21 divide r(-8)?
True
Let f = 73 - 40. Is f a multiple of 15?
False
Let y = -66 + 76. Does 9 divide y?
False
Let k(n) = 20*n**2. Let f = -10 - -9. Is k(f) a multiple of 20?
True
Let h be (-6)/(-27) - 6/27. Suppose m - 5 - 3 = h. Does 8 divide m?
True
Let y be ((-36)/(-14))/((-4)/(-28)). Let n = y - 7. Is 3 a factor of n?
False
Let f(t) = t**3 + 5*t**2 - t + 5. Suppose 0 = -4*a + 5*l + 75, 0 = 3*a + l - 48 - 13. Suppose -4*d - a = 3*k, 2*d - 5*k = -3*k - 10. Is 10 a factor of f(d)?
True
Let v = -74 + 154. Is v a multiple of 16?
True
Suppose 0 = -2*c + 123 + 13. Suppose 0*r = r + 4, 4*v - c = -2*r. Does 18 divide v?
False
Let g(f) = -f - 5. Let v(a) = -a**2 - a - 1. Let n be v(-3). Let b be g(n). Is ((-14)/(-4))/(1/b) a multiple of 7?
True
Suppose 2*f + 3*h - 105 = 0, h = 5*f - 2*h - 231. Is 8 a factor of f?
True
Let j(g) be the first derivative of g**3/3 + 5*g**2/2 + 5*g - 4. Let t be (-8 - -1)*(-6)/(-7). Does 7 divide j(t)?
False
Suppose -4*k + 3*k = 24. Let i = -11 - k. Is 5 a factor of i?
False
Suppose -o - 5*f = -0*f + 23, 5*o - f = 15. Suppose -o*q - q - 4*k + 47 = 0, 56 = 4*q + 4*k. Is 3 a factor of q?
True
Suppose -5*u - 5*n = 0, 3*u - 3 = -4*n - 1. Let o(y) = -5*y + 1. Is o(u) a multiple of 4?
False
Let b(p) = 2*p**2 - 8*p + 5. Let v = -12 - -20. Let y = 13 - v. Is b(y) a multiple of 8?
False
Suppose 185 = n - 5*x, 0*n - 2*n = -2*x - 346. Suppose -3*t = 2*w - 102, -t = 4*t - 3*w - n. Does 17 divide t?
True
Let w = -4 - -8. Suppose 2*r - w*x + x = 42, -5*r - 3*x + 126 = 0. Is r a multiple of 10?
False
Suppose 5*i = -0*a + 3*a - 267, 0 = i + 4*a + 35. Suppose 5*m = 3*j - 360, -2*m + 3*j = -5*m - 216. Let g = i - m. Is g a multiple of 21?
True
Let h(f) = -f**3 + 5*f**2 + 9*f - 9. Is h(6) even?
False
Let k(f) = -f**2 - f - 9. Let t be k(0). Let b = -9 - t. Suppose -2*x + 29 = 5*j, 3*x - j - 5 - 13 = b. Is x a multiple of 7?
True
Suppose v - 12 = -7. Suppose 3*d - 17 - 23 = -v*z, 0 = -3*z + d + 38. Does 5 divide z?
False
Suppose 395 = 5*h + 1110. Let z = h - -238. Suppose 25 + z = 4*b. Does 19 divide b?
False
Suppose 2*m = -3*r + 7, r + r = -2*m + 2. Let p = 0 + r. Suppose -57 = 2*l - p*l. Is l a multiple of 8?
False
Suppose 4*k - 3*k = -5*r + 9, -4*k - 2*r = -18. Let i be 10/8*(-2 + 6). Suppose 0 = i*z + k*l - 3, -3*z - 6*l + 6 = -5*l. Is 3 a factor of z?
True
Suppose -14 + 5 = -3*y. Let o = -4 - y. Let i = o - -15. Is i a multiple of 8?
True
Let y(i) = -i**2 + 12 - 5*i + 0*i + i - 4*i. Let w be y(-9). Suppose 0*s + 15 = w*s. Does 5 divide s?
True
Let o(n) = -2*n - 2. Let m be o(-2). Suppose m*s - s = 27. Is s a multiple of 17?
False
Let x = -11 + 18. Suppose 4*q = 4*y + 44, x*q + 4*y - 55 = 2*q. Does 4 divide q?
False
Let z(m) = m**3 + 6*m**2 + m - 1. Let d be z(-4). Is 9 a factor of (-1)/(3 + -4)*d?
True
Suppose i + 2 = 8. Let v(p) = -p**3 + 2*p**2 + p + 4. Let t be v(3). Is t/(i/(-87)*1) a multiple of 10?
False
Let g(u) = 0 + 2 - 4*u - 71*u**2 + 72*u**2. Suppose 3*i - 3*y + 0*y = 12, -y = -4*i + 19. Is 7 a factor of g(i)?
True
Suppose -t - 72 = 2*t. Let a = t - -47. Is a a multiple of 6?
False
Let a(w) = w**3 - 5*w**2 + w - 2. Let j be a(5). Let s be (6/(-9))/((-4)/30). Suppose -u + j*y + 198 = 3*u, -3*u - s*y + 134 = 0. Is 19 a factor of u?
False
Suppose 3*p + 0 - 9 = 0. Suppose 5*v - 2*a = 128, p*v = -0*v - a + 68. Is v a multiple of 12?
True
Suppose 32 - 234 = 4*g + 2*x, -5*g - 5*x = 255. Let z = -31 - g. Is z a multiple of 19?
True
Let k(l) = l - 2. Let x be k(4). Suppose x*s - 6 = -0*s. Is 2 a factor of (s/(-2))/(9/(-24))?
True
Let a be (8/(-20))/((-2)/5). Let j = a - -3. Suppose w - j*w = -33. Does 11 divide w?
True
Suppose -4*o - 3*k = 2*k - 833, 2*o - 4*k = 436. Suppose n - 5*n = s - o, -5*n + 265 = -4*s. Is n a multiple of 21?
False
Let t(h) = h**3 - 15*h**2 - 15*h - 12. Let c be t(16). Suppose -j + 7 = 3*f + 2*f, 0 = -j + c*f + 7. Is 7 a factor of j?
True
Let f be 2/(-1*(-2)/8). Let g(a) = 2*a + 4. Is g(f) a multiple of 10?
True
Suppose o = 7*c - 3*c + 108, -3*c - 15 = 0. Does 22 divide o?
True
Let r be (-14 - 1) + (3 - 2). Let h = 22 - r. Is 18 a factor of h?
True
Suppose 0 = -4*t - 3*f + 16, 3*f + 20 + 0 = 5*t. Suppose t*g + 5*l - 449 = 0, -l - 532 + 65 = -4*g. Suppose -2*y = 0, 0 = 5*x - y - g - 29. Is 11 a factor of x?
False
Let i be 36/6 + 0/2. Suppose -i*x + 70 = -x. Is x a multiple of 6?
False
Suppose -5*b + 0*b = 3*f + 14, 4*f - b - 12 = 0. Let y be ((-9)/(-6) + 0)*f. Is ((-20)/y)/(2/(-6)) a multiple of 17?
False
Does 6 divide (-3)/((-6)/2) + 10 + 64?
False
Let l = 9 + -2. Let i(t) = -8 + 4*t + t - 2*t. Is i(l) a multiple of 12?
False
Let d(t) = 0*t**3 + 2*t**2 - 4*t**3 + 0*t**3. Is 12 a factor of d(-2)?
False
Let l be 1/(15/(-9) + 2). Suppose 0 = -2*r - 2*o + 52, 4*r + 0*o = l*o + 104. Is 13 a factor of r?
True
Let w(a) = -a**2 - 4*a - 4. Let k be w(-5). Does 3 divide k/(-6)*(2 + 4)?
True
Let i(w) = 45*w**2 + w + 1. Does 8 divide i(-1)?
False
Let c be (-1)/4 - 111/(-12). Let u(h) = h**3 - 10*h**2 + 10*h - 6. Let m be u(c). Suppose -m*o - 5*q = -51, 0 = 3*q - 2 - 7. Does 6 divide o?
True
Let w be (-8)/(-28) - 52/(-14). Suppose -2*v + 8 = w*c - 30, 5*c + v = 43. Is 8 a factor of c?
True
Suppose -h - 2*d + 17 = 0, 5*h - 5*d = 5 + 140. Is h a multiple of 14?
False
Let m = -87 + 121. Is m a multiple of 3?
False
Let s(l) = 150*l**3 + l**2 - 1. Let c be s(1). Let g be ((-2)/(-6))/(2/c). Suppose -8*m + g = -3*m. Is m a multiple of 5?
True
Let d = 0 - -11. Does 11 divide d?
True
Suppose -8*s + 40 = -4*s. Let f(p) = p**2 - 8*p - 11. Is f(s) a multiple of 6?
False
Suppose -82 = 8*u - 338. Is u a multiple of 11?
False
Suppose 8*k - 4*k - 188 = 0. Is k a multiple of 17?
False
Let v(o) = o**3 + 4*o**2 - 3*o - 1. Let m be v(-4). Suppose 80 = 7*i - m. Is 2 a factor of i?
False
Suppose 2*u + c = -c + 46, -3*c = -2*u + 21. Is 13 a factor of u?
False
Let h = 110 + -64. Let y = 6 - 3. Suppose j + 5*f - 24 = 0, 2*f = -0*j - y*j + h. Is j a multiple of 7?
True
Let t(g) = g**3 + 12*g**2 - 12*g + 11. Let j be t(-13). Is 18 a factor of (-85)/j*2 + 0?
False
Let h(c) = c**3 - 7*c**2 - c + 10. Let g be h(7). Suppose -f - 4 = -g*f. Suppose -24 = -f*z - 0*z. Does 4 divide z?
True
Is 19 a factor of (1304/32)/(2/16)?
False
Let r(v) = 3*v + 1. Let t be r(-1). Let k(h) = -h**3 + h**2 - 3*h - 1. Is k(t) a multiple of 8?
False
Suppose 2*h - 3*v + 0*v = 10, 12 = 4*h - 2*v. Is h a multiple of 2?
True
Let t = 2 - 1. Suppose -y = -2*i - t, -5 = -3*y + 2*y. Suppose 8 = 5*r - i, -r = -x + 4. Is 5 a factor of x?
False
Suppose 5*a - 180 = 3*r, 0 = -a - 3*r + 39 - 3. Does 6 divide a?
True
Let p = -8 - -6. Let k be (21/(-6) - -2)*p. Suppose k = r - 1. Is 2 a factor of r?
True
Suppose -2*s - w = -5*s + 1, -2*s - 4*w - 4 = 0. Let t be -2 - -99 - (7 - 5). Suppose s*q = 5*q - t. Is 19 a factor of q?
True
Let s = -21 - -46. Is s a multiple of 25?
True
Let u(x) = -2*x**3 + 6*x**2 - 4*x - 2. Let a be u(4). Suppose 4*j + 4*q - 8 = 0, -7 = -9*j + 4*j - 4*q. Is 10 a factor of a/15*j*3?
True
Suppose p = -4*p + 60. Let r = p + 42. Is r a multiple of 19?
False
Suppose 0 = -2*d - 5 + 45. Let f = -6 + d. Is f a multiple of 8?
False
Let b(c) be the second derivative of -13*c**3/6 - c**2 + 9*c. Is b(-4) a multiple of 35?
False
Is (-158)/(-4)*(63/9 + -5) a multiple of 26?
False
Let h(u) = u**2 + 1. Let a(j) = -2*j**2 - 7*j - 8. Let l(p) = a(p) + 3*h(p). Is 12 a factor of l(9)?
False
Does 21 divide (1/(6/(-8)))/(16/(-264))?
False
Suppose d = 4*a + 2, 0 = 5*a + 4*d - d - 6. Let m be (3/6 + -1)*a. Let j = 4 + m. Is j a multiple of 2?
True
Let v(y) = -y**2 + 5*y + 8. Let u be v(6). Let g = 8 - u. Is 3 a factor of g?
True
Let h = -28 + 40. Suppose -4*p + 124 + h = 0. Is 17 a factor of p?
True
Let r be (7/2 - 2)*2. Is -5 + 2 + 36/r a multiple of 4?
False
Let q be (-8)/6*9/(-6). Suppose -45 = -s - q*s. Is 5 a factor of s?
True
Suppose v - 5*v + 212 = 0. Suppose -v = -3*j - 5. Is j a multiple of 8?
True
Let y(b) = 4*b**3 - 2*b**2 + 2*b - 1. Let v be y(1). Suppose -2*h - v*k = -38, -h + 19 = -2*k - k. Let t = 42 - h. Does 16 divide t?
False
Let c(l) be the first derivative of -l**4/4 - l**3/3 + 